 - 4 = -2*g, 0*g = 2*g + 8. What is the greatest common divisor of 30 and m?
6
Suppose -2*g - 8 = -4*g. Suppose 2*v + 184 = 5*d, 20 = -d - g*v + 48. Suppose -n = -0*n - 4*k, n = -k + 15. Calculate the greatest common divisor of n and d.
12
Suppose 20 = 4*n + 2*b, 5*b + 40 = 5*n - 0*n. What is the greatest common factor of n and 42?
6
Suppose j = 27 - 7. Let a be 436/10 + 8/j. Let z = -5 + 16. Calculate the highest common divisor of a and z.
11
Let d = -4 + -19. Let m = d + 47. What is the highest common divisor of m and 60?
12
Suppose 8*w = 12*w + 36. Let q = -2 - w. Calculate the highest common divisor of 1 and q.
1
Suppose 6*c - 88 = 38. What is the greatest common divisor of c and 7?
7
Suppose 2*j + 128 = 4*t + 5*j, 5*t - 160 = 5*j. What is the highest common factor of t and 96?
32
Suppose -2 = -u - 0*u, -30 = 2*z + u. Let c = 0 - z. Let v = 104 - c. What is the highest common factor of 8 and v?
8
Let w(a) = 3*a**2 + 5*a. Let y be w(-4). Suppose -y = 3*s - 10. Let r be 14 + (0 - s/(-3)). What is the highest common divisor of r and 96?
12
Suppose 2*l + 54 = 2*g, 3*g - l - 47 = 26. What is the highest common factor of g and 46?
23
Let a be -1*16 - (1 + -1). Let k = a + 5. Let f = k + 53. Calculate the highest common divisor of 28 and f.
14
Let x(s) = 4*s**2 - 9*s - 2. Let u be x(-5). What is the highest common divisor of 13 and u?
13
Suppose -3*o = -189 - 108. Let y = 2 - -1. Suppose 11 = y*t - 2*t. Calculate the highest common divisor of t and o.
11
Suppose 0 = -5*g + 12 + 13. What is the highest common divisor of g and 1?
1
Suppose z = -3*z. Suppose z*j = 4*r + j + 32, -2*j - 28 = 4*r. Let h be 0 - r*1 - 1. What is the highest common factor of h and 16?
8
Let z be (-1)/(-1) + 40/4. Let u = z + -18. Let i be ((-12)/7)/(1/u). Calculate the highest common divisor of i and 3.
3
Let u be (-5 - (-1944)/44) + (-2)/11. Calculate the greatest common divisor of u and 13.
13
Suppose 4*y + 24 - 44 = 0. Let n = 26 - 6. What is the highest common divisor of y and n?
5
Suppose 0 = -y - 3*k + 47, 5*y = y - 2*k + 158. Calculate the greatest common divisor of y and 418.
38
Let a = 32 - 17. Let y(o) = -o**2 - 4*o + 3. Let q be y(-4). What is the highest common divisor of a and q?
3
Let j be 82 - 4/(2 + 0). Let z be (6/4)/(10/(-20)). Let a be 2*z/((-12)/20). Calculate the highest common divisor of j and a.
10
Suppose -2*r - 15 = -5*r. Suppose -4*n + 0*n = 0. Suppose n = 2*v + 4 - 14. Calculate the greatest common divisor of v and r.
5
Let k = -61 - -112. What is the greatest common factor of k and 17?
17
Suppose -2*x + 27 + 25 = 0. Let w(i) = 130*i. Let j be w(1). What is the highest common divisor of x and j?
26
Suppose 18 = -q + 4*x, 2*q = -3*q + 4*x - 10. Suppose -q*g + 6*g = 3*j - 20, -g = 4*j - 33. What is the greatest common divisor of 88 and j?
8
Suppose -256 = 31*f - 39*f. What is the greatest common divisor of 12 and f?
4
Let k = 23 + -17. Calculate the greatest common divisor of k and 9.
3
Let b be (-2 + 348/(-8))*(-4)/2. Calculate the highest common factor of 13 and b.
13
Let k(t) = -t**2 + 19*t + 2. Let l be k(18). Let j be -5*((-32)/l + 0). What is the greatest common divisor of 80 and j?
8
Let y be -1 + -1 - (-62 + 10). Let r be (5/2)/((-3)/(-90)). Calculate the greatest common divisor of r and y.
25
Suppose 0 = 7*p - 9*p + 124. Calculate the greatest common divisor of 31 and p.
31
Let l = 12 + -6. Let c = -4 + l. Let w be (-34)/(-2 + 1) + c. What is the highest common factor of w and 4?
4
Let t(p) = p - 2. Let z be t(6). Suppose -7 = -z*l + 1. Let y be 2*(l + 2 + 1). What is the greatest common factor of 70 and y?
10
Let x(y) = 4*y**2 - 3*y + 3. Let v be x(4). Let t be (-3)/(-12) - 174/(-8). Calculate the highest common divisor of v and t.
11
Let n be (16/(-72))/(1/(-9)) + 11. Calculate the highest common factor of n and 117.
13
Suppose 3*f - 21 = -s, 0 = 4*f - 2*f + 5*s - 14. Suppose 5*d - 77 = 4*d. Calculate the highest common divisor of d and f.
7
Let n(u) = 6*u - 2. Let b be n(2). Let m = b - 1. Let i(w) = w**3 - 5*w**2 + 5*w + 2. Let j be i(5). Calculate the highest common divisor of j and m.
9
Suppose 0 = -4*y - 6*s + 3*s + 76, 0 = -4*y + s + 60. Calculate the greatest common factor of y and 2.
2
Let d be 4/(1 + 84/(-90)). Calculate the highest common divisor of d and 80.
20
Let q(x) = 4*x - 3. Let t be ((-44)/(-33))/((-2)/(-9)). Let l be q(t). Calculate the highest common divisor of l and 14.
7
Let a be -1 - 1/(2/24). Let d = a - -38. Calculate the highest common divisor of d and 5.
5
Let a be ((-6)/9)/(4/(-246)). Let b = -17 + a. Let u be ((-48)/21)/((-4)/14). What is the highest common divisor of u and b?
8
Let r be 147/6 - (-1)/2. Let a = 146 - 102. Suppose -2*c = 4*o - 4, 4*c - 5*o - a = -4*o. What is the highest common divisor of r and c?
5
Suppose 0*j + 5*j - 110 = 0. Suppose 5*g - 57 = -j. Suppose 2*r = 2*i - g*i + 49, 0 = -2*r + 3*i + 9. What is the greatest common divisor of 12 and r?
12
Let o(n) be the first derivative of -n**3/3 - n**2 + 9*n - 1. Let a be o(0). Let t be 1*15*12/10. What is the highest common divisor of a and t?
9
Let z(p) = p**3 - 11*p**2 + 2*p - 12. Let d be z(11). Let q = 20 - d. What is the greatest common divisor of q and 10?
10
Let n be (1/(18/(-24)))/(2/(-36)). Calculate the highest common divisor of n and 8.
8
Let s(i) = -48*i**3 + 3*i + 1. Let b be s(-2). Let z = -172 + b. Let u(f) = f**2 + 6*f + 7. Let h be u(-8). Calculate the greatest common factor of h and z.
23
Suppose 0*u = -4*q + u + 444, q + 3*u - 98 = 0. Let i = -25 - -36. What is the greatest common factor of q and i?
11
Let b = -161 - -241. What is the highest common factor of b and 32?
16
Suppose 3*o = -3*v + 282, -5*o - 2*v = 1 - 459. Calculate the highest common factor of 10 and o.
10
Let p be 1 - 6/(1 - 2). What is the highest common divisor of 7 and p?
7
Let p = 8 + 1. Suppose 5*j = 2*q - 92, 0 = q + j - 2 - 30. What is the greatest common factor of q and p?
9
Suppose 2*f - f = 2032. Let d be f/56 + (-4)/14. What is the highest common divisor of 4 and d?
4
Suppose 22 = -g + 3*g + 5*z, 2*z = 8. What is the greatest common divisor of 5 and g?
1
Let s(q) = -4*q + 6. Let p be s(-3). Calculate the greatest common factor of p and 27.
9
Let o(x) = -x + 31. Let j be o(11). Calculate the highest common factor of 5 and j.
5
Let p be 0 + -3 + (-12)/(-3). Let g = p - -20. Calculate the highest common divisor of 84 and g.
21
Let w = -6 + 40. Let s = 97 - 46. What is the highest common factor of w and s?
17
Let v(p) = 4*p**2 - 10*p - 5. Let m be v(5). What is the greatest common factor of m and 30?
15
Suppose 0 = -o + 6*o - 325. Let a = -35 + o. Let y(k) = -3*k. Let n be y(-4). Calculate the greatest common divisor of a and n.
6
Suppose -3*o + 117 = 6*k - k, 94 = 4*k + 2*o. Suppose 4*t + 7 = 3. Let w be 1*(t + 3)*3. Calculate the greatest common factor of k and w.
6
Let r(l) = l**3 + 8*l**2 + 8*l + 9. Suppose -b + a = 9, 3*b - 26 = 7*b + a. Let s be r(b). Calculate the greatest common divisor of s and 3.
1
Let t be (-50 + -2)*(3 + 21/(-6)). What is the greatest common factor of t and 26?
26
Suppose 0 = -4*d + 643 - 175. Let u = -2 - -5. Let i be (2 - 1)/(u/39). What is the highest common divisor of i and d?
13
Suppose -4*s = -4*m + 228, -76 = 2*s - 3*m + 33. Let g = 120 + s. What is the greatest common factor of g and 145?
29
Suppose -7 = 3*x - 4. Let s be x/4 + (-122)/(-8). Let u = -115 + 250. Calculate the highest common divisor of s and u.
15
Let u be (-10)/135*-354 + (-4)/18. Suppose m = 2*s - 132, 0 = -m - 2 - 0. Calculate the highest common factor of s and u.
13
Let n = 5 + 0. Suppose -4*s + 2*h + 10 = 0, 5*s - h - 18 - 2 = 0. Calculate the highest common divisor of s and n.
5
Let s be 9/(-4*(-3)/132). Let x = -27 - -36. What is the greatest common divisor of s and x?
9
Let t = -64 - -72. Let m(c) = c**2 + c + 2. Let d be m(-6). What is the highest common factor of t and d?
8
Let v(n) = 2 + 6*n - 2. Let s(z) = z**2 + 5*z + 5. Let p be s(-4). Let j be v(p). What is the greatest common factor of 6 and j?
6
Let v(u) = u**3 + 11*u**2 - 6*u - 12. Let z be v(-11). What is the greatest common factor of 6 and z?
6
Suppose 0*n + 2*n - 8 = 0. Suppose -5*k = -n*i - 65, 3*i - 20 = -i. Suppose -5*y + 465 + 300 = 0. Calculate the greatest common divisor 